*w**2 + 2*w - 30. List the prime factors of m(5).
2, 3, 5, 23
Let z be 3 + 1 - (-4 - -5). Suppose -m = -0*m - z. Suppose -m*t + 7 = -26. List the prime factors of t.
11
Suppose 0 = -2*a - 6*l + 4*l + 3152, 0 = -l - 4. List the prime factors of a.
2, 5, 79
Let a(k) = k**2 - 21*k - 37. Let u be a(28). Suppose -u = -2*n + 4*x + 59, x = 0. List the prime factors of n.
109
Let k = -4 + 9. Suppose -2*t + 5*t - 15 = 0, 5*m + 15 = -k*t. List the prime factors of 5*(-2)/4*m.
2, 5
Let g(p) = 5*p + 52. Let m be g(-10). Suppose m*v - 4*t = 262, -87 = -v - 4*t + 32. What are the prime factors of v?
127
Let h = -2158 + 318. Suppose -6 = -3*m - d, -4*m + 8 = -d - 0*d. List the prime factors of h/(-34) - m/17.
2, 3
Let x be (-2)/(-7) + (-7293)/(-77). Suppose 29*t - x = 28*t. What are the prime factors of t?
5, 19
Suppose -32*z = -27*z - 775. What are the prime factors of z?
5, 31
Let g(a) = a**2 + 2*a + 2. Let y(p) = p**3 + 11*p**2 + 11*p + 3. Let f be y(-10). What are the prime factors of g(f)?
37
Let u = -4 + 6. Suppose 2*r = -u*b + 358, 0 = -0*r - 4*r - b + 701. What are the prime factors of r?
2, 3, 29
Let o = -11 + -1. What are the prime factors of (213/o + 1)*-4?
67
Suppose 26 - 203 = -3*f. Suppose -6*x = 600 - 636. Suppose 1 + f = x*s. What are the prime factors of s?
2, 5
Suppose -2*x = 5*x - 14. Suppose -i - 1900 = 3*i - 5*f, -4*i - 1872 = x*f. What are the prime factors of ((-24)/60)/(4/i)?
47
Let a(w) = 7*w**2 - w. Let v be a(-4). Let s be (v/8)/(1/(-2)). Let l = 43 + s. List the prime factors of l.
2, 7
What are the prime factors of 23/4 + 3/(-4) + 1416?
7, 29
Let j = 12 - 14. Let a = 23 + 3. Let h = j + a. What are the prime factors of h?
2, 3
Suppose 5*i = -4*s + 1020, -s = -5*i + 2*s + 1020. Let n = -149 + i. What are the prime factors of n?
5, 11
Let x be ((-9)/(-15))/((-6)/(-30)). Suppose -o + 2*n = -58, 0 = x*o + 5*n - 0*n - 229. List the prime factors of o.
2, 17
Let l = -47 - -51. List the prime factors of (503 + 2)*l/20.
101
Let b = -3 + 10. Let a = 12 - b. Let k = 18 - a. List the prime factors of k.
13
Let c be 3 + (-2 - -2) + -3. Let q be (c - 1)*(5 - 5). Suppose 2*m + 2*m - 16 = q. What are the prime factors of m?
2
Let g(o) be the first derivative of -o**3/3 + 36*o + 1. Let s(z) = z**3 - 9*z**2 + 10*z - 16. Let b be s(8). What are the prime factors of g(b)?
2, 3
Let d be 130/(-14) + (-2)/(-7). Let k = d + 11. Suppose -2*w = 5*q - 45 - 6, k*w - 2*q - 16 = 0. List the prime factors of w.
13
List the prime factors of (-850)/(-6) + (-35)/(-15).
2, 3
Suppose -141 - 1586 = -y. Suppose 2*p = -p - 3*q + 1275, -4*p + 5*q + y = 0. What are the prime factors of p/20 + (-6)/(-10)?
2, 11
Suppose -4*a - 3113 = -5*s, -23*s + 20*s + 1863 = -4*a. List the prime factors of s.
5
Suppose 0 = -3044*w + 3040*w + 484. List the prime factors of w.
11
Suppose 5*s - 2586 = -v, -2 = -5*v - 22. What are the prime factors of s?
2, 7, 37
Suppose -20*v + 3815 + 36025 = 0. What are the prime factors of v?
2, 3, 83
Let t = 4257 - 1666. What are the prime factors of t?
2591
Suppose -7 = 4*d - 119. Let z(h) = 2*h**2 - h - 5. Let u be z(3). List the prime factors of (d/(-5))/(u/(-75)).
2, 3, 7
Suppose i + 5*i = 96. What are the prime factors of i/(-128) + 433/8?
2, 3
Let j = -37 + 24. Let x = -8 - j. Let n(l) = l**2 - 3*l + 4. What are the prime factors of n(x)?
2, 7
Let r be 78/21 + 2/7. Let f(n) = -r*n**2 - 3*n**2 - 4 - 11*n + 2*n**2 + 4*n**2. List the prime factors of f(-9).
2, 7
Suppose -21*r + 4845 + 804 = 0. List the prime factors of r.
269
Suppose -x = -5*t + 4*x + 100, 0 = 2*x - 8. Suppose -25*g + t*g = -85. What are the prime factors of g?
5, 17
Let a be 0 - (3*78 + -2). Let q = -373 - a. List the prime factors of (3 - (-50)/(-15))*q.
47
Suppose 3*t = 35 - 29. Suppose -126 = -3*r + 4*n, 58 - 143 = -t*r + 3*n. List the prime factors of r.
2, 19
Let k = -29 + 33. Suppose 488 = 5*l + i, 4*l - k*i = 6 + 370. What are the prime factors of l?
97
What are the prime factors of (4468/4)/(11 - 10)?
1117
List the prime factors of (396/88)/((-6)/(-3260)).
3, 5, 163
Suppose 9 = -m + 4*m. Suppose 2*t = 4*r - 8, -m*t + 18 - 2 = r. Suppose 79 + 53 = t*s. What are the prime factors of s?
3, 11
Suppose 4*i - 2634 = -3*q, -5*q - 2*i = -4289 - 87. List the prime factors of q.
2, 19, 23
Let n be (-3)/(-5) - (-51)/15. Suppose -n*h = -h - 102. List the prime factors of h.
2, 17
Let c(v) = -13*v**2 - 7*v - 9. Let u(s) = 7*s**2 + 4*s + 4. Let g(l) = -3*c(l) - 5*u(l). What are the prime factors of g(-6)?
5, 29
Let o(g) = 8*g**2 + 34*g + 28. Suppose 4*b - 22 = 2*b. Let z(k) = 3*k**2 + 11*k + 9. Let n(p) = b*z(p) - 4*o(p). List the prime factors of n(16).
3
Suppose -t - 14 = -h - 43, h + 4 = 0. Suppose 6*r - 3*r + 42 = 0. Let o = r + t. List the prime factors of o.
11
List the prime factors of 11162*(-2 - -1)*(-1)/2.
5581
What are the prime factors of (-1466)/((55/(-5))/11)?
2, 733
Let n be 14/35*(7 + -2). Suppose n*j + 5*w = w + 36, -39 = -2*j - 5*w. List the prime factors of (66/4)/(6/j).
3, 11
Let t(b) = -b**2 + 3. Let a be t(0). Let n(v) = 27*v**2 + 5*v + 3. Let k be n(-1). Suppose 2*u = a*u - k. What are the prime factors of u?
5
Suppose 4582 = 2*p - 26*j + 22*j, -4550 = -2*p - 4*j. What are the prime factors of p?
3, 761
Suppose 5*t + 4247 + 2693 = 5*c, -4 = -2*t. List the prime factors of c.
2, 5, 139
Suppose -i + 2 + 0 = 0. Suppose 4*g = -3*c - 8, i*g + 6 = 2*c - g. Suppose -34 = -k + 3*o, c = k - 0*k + 5*o - 2. List the prime factors of k.
2, 11
Suppose m - 483 = 5*f, 3*m - 1212 - 172 = 2*f. List the prime factors of m.
2, 229
Suppose -12 = 17*l - 21*l, 0 = 3*n - 4*l - 5268. List the prime factors of n.
2, 5, 11
Suppose -24 = -4*y + 24. Let k = y + -11. What are the prime factors of 3*k*170/15?
2, 17
Let g(v) = v**3 - 7*v**2 + 12*v - 10. Let a be g(8). Suppose -a - 123 = -7*l. List the prime factors of l.
3, 13
Let j = -1289 - -1762. What are the prime factors of j?
11, 43
Let d be ((-1)/(-1) - 4665/5)/(-2). Suppose -10*s + d = -74. What are the prime factors of s?
2, 3
Let a = 682 + -396. Suppose v - a = 3*o, -3*o - 2*o + 844 = 3*v. List the prime factors of v.
283
Suppose 2*c = -5*q + 4, 3 - 7 = 4*q + 4*c. Let y(u) = -16*u + 2. Let w be y(q). Let z = w - -47. What are the prime factors of z?
17
Let o = -2 + 7. Suppose 0 = n - 1, -2*x = n - 0*n - o. Suppose 2*q - 80 = -x*q. List the prime factors of q.
2, 5
Let u be 14/21 + 58/3. Let d = -14 + u. List the prime factors of d/(-4) - (-26)/4.
5
Let x be -15 + 15 - (1 + -3). Let a be 4 + 0 + 0/1. Suppose 5*y = 2*p + 183, a*y - 118 = x*p + 30. List the prime factors of y.
5, 7
Suppose -4*x + 3*k - 219 = -2*k, k = 2*x + 111. Let i be 136/(-14) + 16/x. Let l = i + 42. What are the prime factors of l?
2
Suppose t - 4*t = -114. Suppose 3*z - z = t. Suppose -115 = -5*o - 4*v, 4*v - z - 1 = 0. What are the prime factors of o?
19
Suppose x + 2 = 0, 3*u + u - x = -78. Let w = u + 71. List the prime factors of w.
3, 17
What are the prime factors of 23/(-2)*((-456)/3)/1?
2, 19, 23
Suppose -4*j + 0*j - 2*g - 26 = 0, g = 2*j + 7. Let m(l) = -l**3 - 4*l**2 + 4*l. Let d be m(j). Suppose 18 = d*s - 17. What are the prime factors of s?
7
Let w = -830 - -1544. What are the prime factors of w?
2, 3, 7, 17
Let h(t) be the third derivative of -t**7/5040 + t**6/120 - t**5/30 - 6*t**2. Let v(u) be the third derivative of h(u). What are the prime factors of v(-3)?
3
Let j = 2 + 1. Let u be (-1 + 7)/(j - 1). Suppose -15 = u*y - 45. What are the prime factors of y?
2, 5
Suppose 0 = 2*v + 2*m - 3833 + 531, -3*v - m = -4963. Suppose -75*z + 69*z = -v. What are the prime factors of z?
2, 3, 23
Let v(y) = 19*y**3 - 7*y**2 - 7*y**3 - 7*y + 1 - 4 - 13*y**3. List the prime factors of v(-7).
2, 23
Let y = 630 + -156. List the prime factors of y.
2, 3, 79
Let y be 2*3/(-6) - 5. Let v be (-94)/y - 6/(-18). What are the prime factors of (v/(-5))/(4/(-30))?
2, 3
Let j(w) = 46*w + 12. Let o be j(5). Suppose 5*r + i - o = 0, -r + 0*r - 5*i = -34. What are the prime factors of r?
7
Let r(p) = -2*p**2 + p + 12. What are the prime factors of r(0)?
2, 3
Let m(g) = 7*g + 12 + g**2 - 3*g**2 + 2*g**2 - g**2. Let p be m(8). Suppose 5*l = -2*h + 30, -2*h = -0*h + p*l - 28. List the prime factors of h.
2, 5
List the prime factors of 767 - (-4)/(4*(-1 - 0)).
2, 383
Suppose 11 